{"id":320,"date":"2020-01-18T16:57:52","date_gmt":"2020-01-18T16:57:52","guid":{"rendered":"http:\/\/kayakgym.lt\/?page_id=320"},"modified":"2022-04-30T08:09:55","modified_gmt":"2022-04-30T07:09:55","slug":"dokumentai","status":"publish","type":"page","link":"https:\/\/kayakgym.lt\/?page_id=320","title":{"rendered":"Dokumentai"},"content":{"rendered":"\n<p><a rel=\"noreferrer noopener\" aria-label=\"Pratyb\u0173 ir var\u017eyb\u0173 saugos taisykl\u0117s (opens in a new tab)\" href=\"http:\/\/kayakgym.lt\/wp-content\/uploads\/2020\/01\/2-Priedas-V\u0160\u012e-Sporto-klubas-KAYAK-GYM-pratyb\u0173-var\u017eyb\u0173-saugos-taisykl\u0117s.pdf\" target=\"_blank\">Pratyb\u0173 ir var\u017eyb\u0173 saugos taisykl\u0117s<\/a><\/p>\n\n\n\n<p><a href=\"http:\/\/kayakgym.lt\/wp-content\/uploads\/2020\/01\/Registravimo-pazymejimas.pdf\">Registravimo pa\u017eym\u0117jimas<\/a><\/p>\n\n\n\n<p><a href=\"http:\/\/kayakgym.lt\/wp-content\/uploads\/2020\/01\/Vsi-SK-Kayak-gym-istatai.pdf\">V\u0161\u012f SK &#8220;Kayak Gym&#8221; \u012fstatai<\/a><\/p>\n\n\n\n<p><a href=\"http:\/\/kayakgym.lt\/wp-content\/uploads\/2021\/10\/2019-02-04-SKKG-Nr.-20190204-1-VSI-SK-Kayak-Gym-Isakymas-Del-mazos-vertes-pirkimu-neskelbiamos-apklausos-budu-tvarkos-apraso.pdf\">V\u0160\u012e SK &#8220;Kayak Gym&#8221; \u012fsakymas d\u0117l ma\u017eos vert\u0117s pirkim\u0173 neskelbiamos apklausos b\u016bdu tvarkos apra\u0161o<\/a><\/p>\n\n\n\n<p><a href=\"http:\/\/kayakgym.lt\/wp-content\/uploads\/2022\/04\/VP-zurnalas.pdf\">Vie\u0161\u0173j\u0173 pirkim\u0173 planas &#8211; \u017eurnalas<\/a><\/p>\n","protected":false},"excerpt":{"rendered":"<p>Pratyb\u0173 ir var\u017eyb\u0173 saugos taisykl\u0117s Registravimo pa\u017eym\u0117jimas V\u0161\u012f SK &#8220;Kayak Gym&#8221; \u012fstatai V\u0160\u012e SK &#8220;Kayak Gym&#8221; \u012fsakymas d\u0117l ma\u017eos vert\u0117s pirkim\u0173 neskelbiamos apklausos b\u016bdu tvarkos apra\u0161o Vie\u0161\u0173j\u0173 pirkim\u0173 planas &#8211; [&hellip;]<\/p>\n","protected":false},"author":1,"featured_media":0,"parent":0,"menu_order":0,"comment_status":"closed","ping_status":"closed","template":"","meta":{"_acf_changed":false,"ngg_post_thumbnail":0,"footnotes":""},"class_list":["post-320","page","type-page","status-publish","hentry"],"acf":[],"yoast_head":"<!-- This site is optimized with the Yoast SEO plugin v26.4 - https:\/\/yoast.com\/wordpress\/plugins\/seo\/ -->\n<title>Dokumentai - Kayak Gym<\/title>\n<meta name=\"robots\" content=\"index, follow, max-snippet:-1, max-image-preview:large, max-video-preview:-1\" \/>\n<link rel=\"canonical\" href=\"https:\/\/kayakgym.lt\/?page_id=320\" \/>\n<meta property=\"og:locale\" content=\"en_US\" \/>\n<meta property=\"og:type\" content=\"article\" \/>\n<meta property=\"og:title\" content=\"Dokumentai - Kayak Gym\" \/>\n<meta property=\"og:description\" content=\"Pratyb\u0173 ir var\u017eyb\u0173 saugos taisykl\u0117s Registravimo pa\u017eym\u0117jimas V\u0161\u012f SK &#8220;Kayak Gym&#8221; \u012fstatai V\u0160\u012e SK &#8220;Kayak Gym&#8221; \u012fsakymas d\u0117l ma\u017eos vert\u0117s pirkim\u0173 neskelbiamos apklausos b\u016bdu tvarkos apra\u0161o Vie\u0161\u0173j\u0173 pirkim\u0173 planas &#8211; [&hellip;]\" \/>\n<meta property=\"og:url\" content=\"https:\/\/kayakgym.lt\/?page_id=320\" \/>\n<meta property=\"og:site_name\" content=\"Kayak Gym\" \/>\n<meta property=\"article:modified_time\" content=\"2022-04-30T07:09:55+00:00\" \/>\n<meta name=\"twitter:card\" content=\"summary_large_image\" \/>\n<meta name=\"twitter:label1\" content=\"Est. reading time\" \/>\n\t<meta name=\"twitter:data1\" content=\"1 minute\" \/>\n<script type=\"application\/ld+json\" class=\"yoast-schema-graph\">{\"@context\":\"https:\/\/schema.org\",\"@graph\":[{\"@type\":\"WebPage\",\"@id\":\"https:\/\/kayakgym.lt\/?page_id=320\",\"url\":\"https:\/\/kayakgym.lt\/?page_id=320\",\"name\":\"Dokumentai - Kayak Gym\",\"isPartOf\":{\"@id\":\"https:\/\/kayakgym.lt\/#website\"},\"datePublished\":\"2020-01-18T16:57:52+00:00\",\"dateModified\":\"2022-04-30T07:09:55+00:00\",\"breadcrumb\":{\"@id\":\"https:\/\/kayakgym.lt\/?page_id=320#breadcrumb\"},\"inLanguage\":\"en-US\",\"potentialAction\":[{\"@type\":\"ReadAction\",\"target\":[\"https:\/\/kayakgym.lt\/?page_id=320\"]}]},{\"@type\":\"BreadcrumbList\",\"@id\":\"https:\/\/kayakgym.lt\/?page_id=320#breadcrumb\",\"itemListElement\":[{\"@type\":\"ListItem\",\"position\":1,\"name\":\"Home\",\"item\":\"https:\/\/kayakgym.lt\/\"},{\"@type\":\"ListItem\",\"position\":2,\"name\":\"Dokumentai\"}]},{\"@type\":\"WebSite\",\"@id\":\"https:\/\/kayakgym.lt\/#website\",\"url\":\"https:\/\/kayakgym.lt\/\",\"name\":\"Kayak Gym\",\"description\":\"\",\"potentialAction\":[{\"@type\":\"SearchAction\",\"target\":{\"@type\":\"EntryPoint\",\"urlTemplate\":\"https:\/\/kayakgym.lt\/?s={search_term_string}\"},\"query-input\":{\"@type\":\"PropertyValueSpecification\",\"valueRequired\":true,\"valueName\":\"search_term_string\"}}],\"inLanguage\":\"en-US\"}]}<\/script>\n<!-- \/ Yoast SEO plugin. -->","yoast_head_json":{"title":"Dokumentai - Kayak Gym","robots":{"index":"index","follow":"follow","max-snippet":"max-snippet:-1","max-image-preview":"max-image-preview:large","max-video-preview":"max-video-preview:-1"},"canonical":"https:\/\/kayakgym.lt\/?page_id=320","og_locale":"en_US","og_type":"article","og_title":"Dokumentai - Kayak Gym","og_description":"Pratyb\u0173 ir var\u017eyb\u0173 saugos taisykl\u0117s Registravimo pa\u017eym\u0117jimas V\u0161\u012f SK &#8220;Kayak Gym&#8221; \u012fstatai V\u0160\u012e SK &#8220;Kayak Gym&#8221; \u012fsakymas d\u0117l ma\u017eos vert\u0117s pirkim\u0173 neskelbiamos apklausos b\u016bdu tvarkos apra\u0161o Vie\u0161\u0173j\u0173 pirkim\u0173 planas &#8211; [&hellip;]","og_url":"https:\/\/kayakgym.lt\/?page_id=320","og_site_name":"Kayak Gym","article_modified_time":"2022-04-30T07:09:55+00:00","twitter_card":"summary_large_image","twitter_misc":{"Est. reading time":"1 minute"},"schema":{"@context":"https:\/\/schema.org","@graph":[{"@type":"WebPage","@id":"https:\/\/kayakgym.lt\/?page_id=320","url":"https:\/\/kayakgym.lt\/?page_id=320","name":"Dokumentai - Kayak Gym","isPartOf":{"@id":"https:\/\/kayakgym.lt\/#website"},"datePublished":"2020-01-18T16:57:52+00:00","dateModified":"2022-04-30T07:09:55+00:00","breadcrumb":{"@id":"https:\/\/kayakgym.lt\/?page_id=320#breadcrumb"},"inLanguage":"en-US","potentialAction":[{"@type":"ReadAction","target":["https:\/\/kayakgym.lt\/?page_id=320"]}]},{"@type":"BreadcrumbList","@id":"https:\/\/kayakgym.lt\/?page_id=320#breadcrumb","itemListElement":[{"@type":"ListItem","position":1,"name":"Home","item":"https:\/\/kayakgym.lt\/"},{"@type":"ListItem","position":2,"name":"Dokumentai"}]},{"@type":"WebSite","@id":"https:\/\/kayakgym.lt\/#website","url":"https:\/\/kayakgym.lt\/","name":"Kayak Gym","description":"","potentialAction":[{"@type":"SearchAction","target":{"@type":"EntryPoint","urlTemplate":"https:\/\/kayakgym.lt\/?s={search_term_string}"},"query-input":{"@type":"PropertyValueSpecification","valueRequired":true,"valueName":"search_term_string"}}],"inLanguage":"en-US"}]}},"_links":{"self":[{"href":"https:\/\/kayakgym.lt\/index.php?rest_route=\/wp\/v2\/pages\/320","targetHints":{"allow":["GET"]}}],"collection":[{"href":"https:\/\/kayakgym.lt\/index.php?rest_route=\/wp\/v2\/pages"}],"about":[{"href":"https:\/\/kayakgym.lt\/index.php?rest_route=\/wp\/v2\/types\/page"}],"author":[{"embeddable":true,"href":"https:\/\/kayakgym.lt\/index.php?rest_route=\/wp\/v2\/users\/1"}],"replies":[{"embeddable":true,"href":"https:\/\/kayakgym.lt\/index.php?rest_route=%2Fwp%2Fv2%2Fcomments&post=320"}],"version-history":[{"count":10,"href":"https:\/\/kayakgym.lt\/index.php?rest_route=\/wp\/v2\/pages\/320\/revisions"}],"predecessor-version":[{"id":1303,"href":"https:\/\/kayakgym.lt\/index.php?rest_route=\/wp\/v2\/pages\/320\/revisions\/1303"}],"wp:attachment":[{"href":"https:\/\/kayakgym.lt\/index.php?rest_route=%2Fwp%2Fv2%2Fmedia&parent=320"}],"curies":[{"name":"wp","href":"https:\/\/api.w.org\/{rel}","templated":true}]}}